{"id":1188,"date":"2021-11-24T17:53:07","date_gmt":"2021-11-24T16:53:07","guid":{"rendered":"https:\/\/assoyogafacondetre.com\/fr\/?page_id=1188"},"modified":"2025-09-04T15:11:58","modified_gmt":"2025-09-04T13:11:58","slug":"harmonisation-energetique","status":"publish","type":"page","link":"https:\/\/assoyogafacondetre.com\/fr\/ateliers-conferences\/harmonisation-energetique\/","title":{"rendered":"Harmonisation Energ\u00e9tique"},"content":{"rendered":"<p>Nos <strong>Harmonisations \u00c9nerg\u00e9tiques par les M\u00e9ridiens<\/strong> sont des techniques mill\u00e9naires qui appartiennent au patrimoine de l&rsquo;humanit\u00e9, issues des m\u00e9decines traditionnelles (chinoises, ayurv\u00e9diques, derviches&#8230;).<\/p>\n<p>Techniques simples, accessibles et praticables sur soi-m\u00eame en auto-traitement, permettant de devenir acteur de son bien-\u00eatre et de sa sant\u00e9.<\/p>\n<p><em>Id\u00e9e de base :<\/em> tous nos troubles intellectuels et \u00e9motionnels sont li\u00e9s \u00e0 une perturbation de la circulation de l\u2019\u00e9nergie dans les lignes \u00e9nerg\u00e9tiques de notre corps&#8230;<\/p>\n<div id=\"metaslider-id-1473\" style=\"width: 100%;\" class=\"ml-slider-3-97-0 metaslider metaslider-flex metaslider-1473 ml-slider ms-theme-default\" role=\"region\" aria-roledescription=\"Slideshow\" aria-label=\"Harmonisation Energ\u00e9tique\" data-width=\"450\">\n    <div id=\"metaslider_container_1473\">\n        <div id=\"metaslider_1473\">\n            <ul class='slides'>\n                <li style=\"display: none; width: 100%;\" class=\"slide-1474 ms-image \" aria-roledescription=\"slide\" aria-label=\"slide-1474\" data-date=\"2021-12-01 21:29:59\"><img loading=\"lazy\" decoding=\"async\" width=\"2560\" height=\"1707\" src=\"https:\/\/assoyogafacondetre.com\/fr\/wp-content\/uploads\/2021\/11\/DSC09976-scaled.jpg\" class=\"slider-1473 slide-1474\" alt=\"\" rel=\"\" title=\"DSC09976\" srcset=\"https:\/\/assoyogafacondetre.com\/fr\/wp-content\/uploads\/2021\/11\/DSC09976-scaled.jpg 2560w, https:\/\/assoyogafacondetre.com\/fr\/wp-content\/uploads\/2021\/11\/DSC09976-300x200.jpg 300w, https:\/\/assoyogafacondetre.com\/fr\/wp-content\/uploads\/2021\/11\/DSC09976-1024x683.jpg 1024w, https:\/\/assoyogafacondetre.com\/fr\/wp-content\/uploads\/2021\/11\/DSC09976-768x512.jpg 768w, https:\/\/assoyogafacondetre.com\/fr\/wp-content\/uploads\/2021\/11\/DSC09976-1536x1024.jpg 1536w, https:\/\/assoyogafacondetre.com\/fr\/wp-content\/uploads\/2021\/11\/DSC09976-2048x1365.jpg 2048w, https:\/\/assoyogafacondetre.com\/fr\/wp-content\/uploads\/2021\/11\/DSC09976-scaled-0x400.jpg 600w\" sizes=\"auto, (max-width: 2560px) 100vw, 2560px\" \/><\/li>\n                <li style=\"display: none; width: 100%;\" class=\"slide-1476 ms-image \" aria-roledescription=\"slide\" aria-label=\"slide-1476\" data-date=\"2021-12-01 21:29:59\"><img loading=\"lazy\" decoding=\"async\" width=\"2560\" height=\"1707\" src=\"https:\/\/assoyogafacondetre.com\/fr\/wp-content\/uploads\/2021\/11\/DSC09927-scaled.jpg\" class=\"slider-1473 slide-1476\" alt=\"\" rel=\"\" title=\"DSC09927\" srcset=\"https:\/\/assoyogafacondetre.com\/fr\/wp-content\/uploads\/2021\/11\/DSC09927-scaled.jpg 2560w, https:\/\/assoyogafacondetre.com\/fr\/wp-content\/uploads\/2021\/11\/DSC09927-300x200.jpg 300w, https:\/\/assoyogafacondetre.com\/fr\/wp-content\/uploads\/2021\/11\/DSC09927-1024x683.jpg 1024w, https:\/\/assoyogafacondetre.com\/fr\/wp-content\/uploads\/2021\/11\/DSC09927-768x512.jpg 768w, https:\/\/assoyogafacondetre.com\/fr\/wp-content\/uploads\/2021\/11\/DSC09927-1536x1024.jpg 1536w, https:\/\/assoyogafacondetre.com\/fr\/wp-content\/uploads\/2021\/11\/DSC09927-2048x1365.jpg 2048w, https:\/\/assoyogafacondetre.com\/fr\/wp-content\/uploads\/2021\/11\/DSC09927-scaled-0x400.jpg 600w\" sizes=\"auto, (max-width: 2560px) 100vw, 2560px\" \/><\/li>\n                <li style=\"display: none; width: 100%;\" class=\"slide-1477 ms-image \" aria-roledescription=\"slide\" aria-label=\"slide-1477\" data-date=\"2021-12-01 21:29:59\"><img loading=\"lazy\" decoding=\"async\" width=\"1577\" height=\"1072\" src=\"https:\/\/assoyogafacondetre.com\/fr\/wp-content\/uploads\/2021\/11\/vlcsnap-2021-11-14-20h25m11s766.jpg\" class=\"slider-1473 slide-1477\" alt=\"\" rel=\"\" title=\"vlcsnap-2021-11-14-20h25m11s766\" srcset=\"https:\/\/assoyogafacondetre.com\/fr\/wp-content\/uploads\/2021\/11\/vlcsnap-2021-11-14-20h25m11s766.jpg 1577w, https:\/\/assoyogafacondetre.com\/fr\/wp-content\/uploads\/2021\/11\/vlcsnap-2021-11-14-20h25m11s766-300x204.jpg 300w, https:\/\/assoyogafacondetre.com\/fr\/wp-content\/uploads\/2021\/11\/vlcsnap-2021-11-14-20h25m11s766-1024x696.jpg 1024w, https:\/\/assoyogafacondetre.com\/fr\/wp-content\/uploads\/2021\/11\/vlcsnap-2021-11-14-20h25m11s766-768x522.jpg 768w, https:\/\/assoyogafacondetre.com\/fr\/wp-content\/uploads\/2021\/11\/vlcsnap-2021-11-14-20h25m11s766-1536x1044.jpg 1536w, https:\/\/assoyogafacondetre.com\/fr\/wp-content\/uploads\/2021\/11\/vlcsnap-2021-11-14-20h25m11s766-0x400.jpg 588w\" sizes=\"auto, (max-width: 1577px) 100vw, 1577px\" \/><\/li>\n            <\/ul>\n        <\/div>\n        \n    <\/div>\n<\/div>\n<p style=\"text-align: center;\"><strong>S\u00c9ANCES INDIVIDUELLES SUR RENDEZ-VOUS<\/strong><\/p>\n<p style=\"text-align: center;\">SI VOUS NE POUVEZ PAS VOUS D\u00c9PLACER : possibilit\u00e9 de s\u00e9ances \u00e0 domicile ou encore \u00e0 distance.<\/p>\n<p>Nous pouvons vous accompagner dans vos difficult\u00e9s, sans se substituer aux traitements m\u00e9dicaux. Les harmonisations \u00e9nerg\u00e9tiques permettent de renforcer l&rsquo;effet des traitements conventionnels, et nous travaillons dans la bienveillance et l&rsquo;\u00e9coute attentive.<\/p>\n<h4 style=\"text-align: center;\"><span style=\"color: #333399;\"><strong>BIENVENUE \u00e0 vous !<\/strong><\/span><\/h4>\n<p>Tout au long de l&rsquo;ann\u00e9e&#8230; et plus sp\u00e9cialement <strong>de OCTOBRE \u00e0 JUIN<\/strong> au cours d&rsquo;<strong>ateliers,<\/strong> vous d\u00e9couvrirez comment transformer une \u00e9motion n\u00e9gative ou une limitation physique. Vous pourrez \u00e9galement vous initier \u00e0 diff\u00e9rents protocoles. (\u00e9galement au cours de certains week-end de d\u00e9couverte).<\/p>\n<p><strong>\u00a0 SUR R\u00c9SERVATION<\/strong><\/p>\n<p>Ateliers, stages et formations vous sont propos\u00e9s, retrouvez toutes les dates <a href=\"https:\/\/assoyogafacondetre.com\/fr\/calendrier\/\">dans notre calendrier<\/a>.<\/p>\n","protected":false},"excerpt":{"rendered":"<p>Nos Harmonisations \u00c9nerg\u00e9tiques par les M\u00e9ridiens sont des techniques mill\u00e9naires qui appartiennent au patrimoine de l&rsquo;humanit\u00e9, issues des m\u00e9decines traditionnelles (chinoises, ayurv\u00e9diques, derviches&#8230;). Techniques simples, accessibles et praticables sur soi-m\u00eame en auto-traitement, permettant de devenir acteur de son bien-\u00eatre et de sa sant\u00e9. Id\u00e9e de base : tous nos troubles intellectuels et \u00e9motionnels sont li\u00e9s &#8230; <a title=\"Harmonisation Energ\u00e9tique\" class=\"read-more\" href=\"https:\/\/assoyogafacondetre.com\/fr\/ateliers-conferences\/harmonisation-energetique\/\" aria-label=\"En savoir plus sur Harmonisation Energ\u00e9tique\">Lire la suite<\/a><\/p>\n","protected":false},"author":1,"featured_media":0,"parent":59,"menu_order":0,"comment_status":"closed","ping_status":"closed","template":"","meta":{"footnotes":""},"class_list":["post-1188","page","type-page","status-publish"],"aioseo_notices":[],"_links":{"self":[{"href":"https:\/\/assoyogafacondetre.com\/fr\/wp-json\/wp\/v2\/pages\/1188","targetHints":{"allow":["GET"]}}],"collection":[{"href":"https:\/\/assoyogafacondetre.com\/fr\/wp-json\/wp\/v2\/pages"}],"about":[{"href":"https:\/\/assoyogafacondetre.com\/fr\/wp-json\/wp\/v2\/types\/page"}],"author":[{"embeddable":true,"href":"https:\/\/assoyogafacondetre.com\/fr\/wp-json\/wp\/v2\/users\/1"}],"replies":[{"embeddable":true,"href":"https:\/\/assoyogafacondetre.com\/fr\/wp-json\/wp\/v2\/comments?post=1188"}],"version-history":[{"count":9,"href":"https:\/\/assoyogafacondetre.com\/fr\/wp-json\/wp\/v2\/pages\/1188\/revisions"}],"predecessor-version":[{"id":19989,"href":"https:\/\/assoyogafacondetre.com\/fr\/wp-json\/wp\/v2\/pages\/1188\/revisions\/19989"}],"up":[{"embeddable":true,"href":"https:\/\/assoyogafacondetre.com\/fr\/wp-json\/wp\/v2\/pages\/59"}],"wp:attachment":[{"href":"https:\/\/assoyogafacondetre.com\/fr\/wp-json\/wp\/v2\/media?parent=1188"}],"curies":[{"name":"wp","href":"https:\/\/api.w.org\/{rel}","templated":true}]}}

Harmonisation Energétique

<p>Nos <strong>Harmonisations Énergétiques par les Méridiens</strong> sont des techniques millénaires qui appartiennent au patrimoine de l&rsquo;humanité, issues des médecines traditionnelles (chinoises, ayurvédiques, derviches&#8230;).</p>
<p>Techniques simples, accessibles et praticables sur soi-même en auto-traitement, permettant de devenir acteur de son bien-être et de sa santé.</p>
<p><em>Idée de base :</em> tous nos troubles intellectuels et émotionnels sont liés à une perturbation de la circulation de l’énergie dans les lignes énergétiques de notre corps&#8230;</p>
<div id="metaslider-id-1473" style="width: 100%;" class="ml-slider-3-97-0 metaslider metaslider-flex metaslider-1473 ml-slider ms-theme-default" role="region" aria-roledescription="Slideshow" aria-label="Harmonisation Energétique" data-width="450">
    <div id="metaslider_container_1473">
        <div id="metaslider_1473">
            <ul class='slides'>
                <li style="display: none; width: 100%;" class="slide-1474 ms-image " aria-roledescription="slide" aria-label="slide-1474" data-date="2021-12-01 21:29:59"><img loading="lazy" decoding="async" width="2560" height="1707" src="https://assoyogafacondetre.com/fr/wp-content/uploads/2021/11/DSC09976-scaled.jpg" class="slider-1473 slide-1474" alt="" rel="" title="DSC09976" srcset="https://assoyogafacondetre.com/fr/wp-content/uploads/2021/11/DSC09976-scaled.jpg 2560w, https://assoyogafacondetre.com/fr/wp-content/uploads/2021/11/DSC09976-300x200.jpg 300w, https://assoyogafacondetre.com/fr/wp-content/uploads/2021/11/DSC09976-1024x683.jpg 1024w, https://assoyogafacondetre.com/fr/wp-content/uploads/2021/11/DSC09976-768x512.jpg 768w, https://assoyogafacondetre.com/fr/wp-content/uploads/2021/11/DSC09976-1536x1024.jpg 1536w, https://assoyogafacondetre.com/fr/wp-content/uploads/2021/11/DSC09976-2048x1365.jpg 2048w, https://assoyogafacondetre.com/fr/wp-content/uploads/2021/11/DSC09976-scaled-0x400.jpg 600w" sizes="auto, (max-width: 2560px) 100vw, 2560px" /></li>
                <li style="display: none; width: 100%;" class="slide-1476 ms-image " aria-roledescription="slide" aria-label="slide-1476" data-date="2021-12-01 21:29:59"><img loading="lazy" decoding="async" width="2560" height="1707" src="https://assoyogafacondetre.com/fr/wp-content/uploads/2021/11/DSC09927-scaled.jpg" class="slider-1473 slide-1476" alt="" rel="" title="DSC09927" srcset="https://assoyogafacondetre.com/fr/wp-content/uploads/2021/11/DSC09927-scaled.jpg 2560w, https://assoyogafacondetre.com/fr/wp-content/uploads/2021/11/DSC09927-300x200.jpg 300w, https://assoyogafacondetre.com/fr/wp-content/uploads/2021/11/DSC09927-1024x683.jpg 1024w, https://assoyogafacondetre.com/fr/wp-content/uploads/2021/11/DSC09927-768x512.jpg 768w, https://assoyogafacondetre.com/fr/wp-content/uploads/2021/11/DSC09927-1536x1024.jpg 1536w, https://assoyogafacondetre.com/fr/wp-content/uploads/2021/11/DSC09927-2048x1365.jpg 2048w, https://assoyogafacondetre.com/fr/wp-content/uploads/2021/11/DSC09927-scaled-0x400.jpg 600w" sizes="auto, (max-width: 2560px) 100vw, 2560px" /></li>
                <li style="display: none; width: 100%;" class="slide-1477 ms-image " aria-roledescription="slide" aria-label="slide-1477" data-date="2021-12-01 21:29:59"><img loading="lazy" decoding="async" width="1577" height="1072" src="https://assoyogafacondetre.com/fr/wp-content/uploads/2021/11/vlcsnap-2021-11-14-20h25m11s766.jpg" class="slider-1473 slide-1477" alt="" rel="" title="vlcsnap-2021-11-14-20h25m11s766" srcset="https://assoyogafacondetre.com/fr/wp-content/uploads/2021/11/vlcsnap-2021-11-14-20h25m11s766.jpg 1577w, https://assoyogafacondetre.com/fr/wp-content/uploads/2021/11/vlcsnap-2021-11-14-20h25m11s766-300x204.jpg 300w, https://assoyogafacondetre.com/fr/wp-content/uploads/2021/11/vlcsnap-2021-11-14-20h25m11s766-1024x696.jpg 1024w, https://assoyogafacondetre.com/fr/wp-content/uploads/2021/11/vlcsnap-2021-11-14-20h25m11s766-768x522.jpg 768w, https://assoyogafacondetre.com/fr/wp-content/uploads/2021/11/vlcsnap-2021-11-14-20h25m11s766-1536x1044.jpg 1536w, https://assoyogafacondetre.com/fr/wp-content/uploads/2021/11/vlcsnap-2021-11-14-20h25m11s766-0x400.jpg 588w" sizes="auto, (max-width: 1577px) 100vw, 1577px" /></li>
            </ul>
        </div>
        
    </div>
</div>
<p style="text-align: center;"><strong>SÉANCES INDIVIDUELLES SUR RENDEZ-VOUS</strong></p>
<p style="text-align: center;">SI VOUS NE POUVEZ PAS VOUS DÉPLACER : possibilité de séances à domicile ou encore à distance.</p>
<p>Nous pouvons vous accompagner dans vos difficultés, sans se substituer aux traitements médicaux. Les harmonisations énergétiques permettent de renforcer l&rsquo;effet des traitements conventionnels, et nous travaillons dans la bienveillance et l&rsquo;écoute attentive.</p>
<h4 style="text-align: center;"><span style="color: #333399;"><strong>BIENVENUE à vous !</strong></span></h4>
<p>Tout au long de l&rsquo;année&#8230; et plus spécialement <strong>de OCTOBRE à JUIN</strong> au cours d&rsquo;<strong>ateliers,</strong> vous découvrirez comment transformer une émotion négative ou une limitation physique. Vous pourrez également vous initier à différents protocoles. (également au cours de certains week-end de découverte).</p>
<p><strong>  SUR RÉSERVATION</strong></p>
<p>Ateliers, stages et formations vous sont proposés, retrouvez toutes les dates <a href="https://assoyogafacondetre.com/fr/calendrier/">dans notre calendrier</a>.</p>

<p>Nos Harmonisations Énergétiques par les Méridiens sont des techniques millénaires qui appartiennent au patrimoine de l&rsquo;humanité, issues des médecines traditionnelles (chinoises, ayurvédiques, derviches&#8230;). Techniques simples, accessibles et praticables sur soi-même en auto-traitement, permettant de devenir acteur de son bien-être et de sa santé. Idée de base : tous nos troubles intellectuels et émotionnels sont liés &#8230; <a title="Harmonisation Energétique" class="read-more" href="https://assoyogafacondetre.com/fr/ateliers-conferences/harmonisation-energetique/" aria-label="En savoir plus sur Harmonisation Energétique">Lire la suite</a></p>
