{"id":1197,"date":"2021-11-24T17:56:02","date_gmt":"2021-11-24T16:56:02","guid":{"rendered":"https:\/\/assoyogafacondetre.com\/fr\/?page_id=1197"},"modified":"2025-09-04T15:14:05","modified_gmt":"2025-09-04T13:14:05","slug":"psychologie-essentielle","status":"publish","type":"page","link":"https:\/\/assoyogafacondetre.com\/fr\/ateliers-conferences\/psychologie-essentielle\/","title":{"rendered":"Psychologie Essentielle"},"content":{"rendered":"<p><img loading=\"lazy\" decoding=\"async\" class=\"wp-image-1554 alignleft\" src=\"https:\/\/assoyogafacondetre.com\/fr\/wp-content\/uploads\/2021\/12\/DSC09951-scaled.jpg\" alt=\"\" width=\"255\" height=\"170\" srcset=\"https:\/\/assoyogafacondetre.com\/fr\/wp-content\/uploads\/2021\/12\/DSC09951-scaled.jpg 2560w, https:\/\/assoyogafacondetre.com\/fr\/wp-content\/uploads\/2021\/12\/DSC09951-300x200.jpg 300w, https:\/\/assoyogafacondetre.com\/fr\/wp-content\/uploads\/2021\/12\/DSC09951-1024x683.jpg 1024w, https:\/\/assoyogafacondetre.com\/fr\/wp-content\/uploads\/2021\/12\/DSC09951-768x512.jpg 768w, https:\/\/assoyogafacondetre.com\/fr\/wp-content\/uploads\/2021\/12\/DSC09951-1536x1024.jpg 1536w, https:\/\/assoyogafacondetre.com\/fr\/wp-content\/uploads\/2021\/12\/DSC09951-2048x1365.jpg 2048w\" sizes=\"auto, (max-width: 255px) 100vw, 255px\" \/><\/p>\n<p><em>Et si<\/em>, justement, gr\u00e2ce aux \u00e9changes, aux compr\u00e9hensions qui d\u00e9coulent de tout ce que peut nous apprendre la Psychologie Essentielle, nous avions la possibilit\u00e9 de d\u00e9passer nos limitations, nos doutes, nos peurs, nos soucis&#8230; ?<\/p>\n<p><em>Et si,<\/em> commencer \u00e0 se conna\u00eetre, c&rsquo;\u00e9tait commencer par apprendre \u00e0\u00a0 s&rsquo;observer, voir nos r\u00e9actions, nos m\u00e9canismes, nos fonctionnement ?<\/p>\n<p><em>Et si<\/em>, gr\u00e2ce \u00e0 l&rsquo;\u00e9coute attentive de l&rsquo;autre, de notre coach, nous pouvions enfin nous dire, vraiment, exprimer ce qui est authentique en nous&#8230; et ainsi nous r\u00e9v\u00e9ler \u00e0 nous-m\u00eame ?<\/p>\n<p><strong><img loading=\"lazy\" decoding=\"async\" class=\" wp-image-1555 alignright\" src=\"https:\/\/assoyogafacondetre.com\/fr\/wp-content\/uploads\/2021\/12\/vlcsnap-2021-11-14-20h28m47s733.jpg\" alt=\"\" width=\"261\" height=\"163\" srcset=\"https:\/\/assoyogafacondetre.com\/fr\/wp-content\/uploads\/2021\/12\/vlcsnap-2021-11-14-20h28m47s733.jpg 1727w, https:\/\/assoyogafacondetre.com\/fr\/wp-content\/uploads\/2021\/12\/vlcsnap-2021-11-14-20h28m47s733-300x188.jpg 300w, https:\/\/assoyogafacondetre.com\/fr\/wp-content\/uploads\/2021\/12\/vlcsnap-2021-11-14-20h28m47s733-1024x640.jpg 1024w, https:\/\/assoyogafacondetre.com\/fr\/wp-content\/uploads\/2021\/12\/vlcsnap-2021-11-14-20h28m47s733-768x480.jpg 768w, https:\/\/assoyogafacondetre.com\/fr\/wp-content\/uploads\/2021\/12\/vlcsnap-2021-11-14-20h28m47s733-1536x961.jpg 1536w\" sizes=\"auto, (max-width: 261px) 100vw, 261px\" \/>Ensemble<\/strong> nous pourrons \u00e9tudier bien des th\u00e8mes importants, essentiels, m\u00eame !\u00a0 :<\/p>\n<ul>\n<li>Quel sens donner \u00e0 sa vie ?<\/li>\n<li>Comment \u00eatre heureux (ou parce que c&rsquo;est parfois plus facile de comprendre), comment \u00eatre malheureux ?<\/li>\n<li>Y a-t-il une partie essentielle en nous ? Comment y acc\u00e9der ?<\/li>\n<li>Qu&rsquo;est-ce que la personnalit\u00e9 ?<\/li>\n<\/ul>\n<p><strong>En ateliers, par petits groupes ou en individuel,<\/strong> nous pourrons aborder ces th\u00e8mes&#8230; et d&rsquo;autres encore.<\/p>\n<p>Car nous parlons de Psychologie Essentielle, en lien avec ce qu&rsquo;il y a de plus pr\u00e9cieux en nous&#8230; mais \u00e9galement de Nouvelle Psychologie Spirituelle&#8230;<\/p>\n<p>Vous souhaitez organiser 1 discussion autour d&rsquo;un th\u00e8me particulier ; vous \u00eates d\u00e9j\u00e0 un petit groupe qui s&rsquo;int\u00e9resse \u00e0 tous ces sujets ? Nous r\u00e9pondrons \u00e0 vos questions. Nous contacter&#8230;<\/p>\n<h4><span style=\"color: #0000ff;\"><strong>Prochainement<\/strong>\u00a0 \u00e0 Aire sur l&rsquo;Adour\u00a0 : Vivre Son Essen&rsquo;Ciel, en conscience, <\/span><\/h4>\n<h4><span style=\"color: #0000ff;\">Ateliers et Conf\u00e9rences sur la Psychologie Essentielle ou Spirituelle ; Psychologie de l&rsquo;Enneagramme ; Partages ; Conf\u00e9rence sur les 5 mouvements \u00e9l\u00e9mentaux&#8230;\u00a0 voir calendrier<\/span><\/h4>\n<h6>Dans une atmosph\u00e8re bienveillante et chaleureuse, dans des petits groupes (3 \u00e0 8 personnes).<\/h6>\n<p>Conditions de participation : sur r\u00e9servation.<\/p>\n","protected":false},"excerpt":{"rendered":"<p>Et si, justement, gr\u00e2ce aux \u00e9changes, aux compr\u00e9hensions qui d\u00e9coulent de tout ce que peut nous apprendre la Psychologie Essentielle, nous avions la possibilit\u00e9 de d\u00e9passer nos limitations, nos doutes, nos peurs, nos soucis&#8230; ? Et si, commencer \u00e0 se conna\u00eetre, c&rsquo;\u00e9tait commencer par apprendre \u00e0\u00a0 s&rsquo;observer, voir nos r\u00e9actions, nos m\u00e9canismes, nos fonctionnement ? &#8230; <a title=\"Psychologie Essentielle\" class=\"read-more\" href=\"https:\/\/assoyogafacondetre.com\/fr\/ateliers-conferences\/psychologie-essentielle\/\" aria-label=\"En savoir plus sur Psychologie Essentielle\">Lire la suite<\/a><\/p>\n","protected":false},"author":1,"featured_media":0,"parent":59,"menu_order":0,"comment_status":"closed","ping_status":"closed","template":"","meta":{"footnotes":""},"class_list":["post-1197","page","type-page","status-publish"],"aioseo_notices":[],"_links":{"self":[{"href":"https:\/\/assoyogafacondetre.com\/fr\/wp-json\/wp\/v2\/pages\/1197","targetHints":{"allow":["GET"]}}],"collection":[{"href":"https:\/\/assoyogafacondetre.com\/fr\/wp-json\/wp\/v2\/pages"}],"about":[{"href":"https:\/\/assoyogafacondetre.com\/fr\/wp-json\/wp\/v2\/types\/page"}],"author":[{"embeddable":true,"href":"https:\/\/assoyogafacondetre.com\/fr\/wp-json\/wp\/v2\/users\/1"}],"replies":[{"embeddable":true,"href":"https:\/\/assoyogafacondetre.com\/fr\/wp-json\/wp\/v2\/comments?post=1197"}],"version-history":[{"count":8,"href":"https:\/\/assoyogafacondetre.com\/fr\/wp-json\/wp\/v2\/pages\/1197\/revisions"}],"predecessor-version":[{"id":19990,"href":"https:\/\/assoyogafacondetre.com\/fr\/wp-json\/wp\/v2\/pages\/1197\/revisions\/19990"}],"up":[{"embeddable":true,"href":"https:\/\/assoyogafacondetre.com\/fr\/wp-json\/wp\/v2\/pages\/59"}],"wp:attachment":[{"href":"https:\/\/assoyogafacondetre.com\/fr\/wp-json\/wp\/v2\/media?parent=1197"}],"curies":[{"name":"wp","href":"https:\/\/api.w.org\/{rel}","templated":true}]}}

<p><img loading="lazy" decoding="async" class="wp-image-1554 alignleft" src="https://assoyogafacondetre.com/fr/wp-content/uploads/2021/12/DSC09951-scaled.jpg" alt="" width="255" height="170" srcset="https://assoyogafacondetre.com/fr/wp-content/uploads/2021/12/DSC09951-scaled.jpg 2560w, https://assoyogafacondetre.com/fr/wp-content/uploads/2021/12/DSC09951-300x200.jpg 300w, https://assoyogafacondetre.com/fr/wp-content/uploads/2021/12/DSC09951-1024x683.jpg 1024w, https://assoyogafacondetre.com/fr/wp-content/uploads/2021/12/DSC09951-768x512.jpg 768w, https://assoyogafacondetre.com/fr/wp-content/uploads/2021/12/DSC09951-1536x1024.jpg 1536w, https://assoyogafacondetre.com/fr/wp-content/uploads/2021/12/DSC09951-2048x1365.jpg 2048w" sizes="auto, (max-width: 255px) 100vw, 255px" /></p>
<p><em>Et si</em>, justement, grâce aux échanges, aux compréhensions qui découlent de tout ce que peut nous apprendre la Psychologie Essentielle, nous avions la possibilité de dépasser nos limitations, nos doutes, nos peurs, nos soucis&#8230; ?</p>
<p><em>Et si,</em> commencer à se connaître, c&rsquo;était commencer par apprendre à  s&rsquo;observer, voir nos réactions, nos mécanismes, nos fonctionnement ?</p>
<p><em>Et si</em>, grâce à l&rsquo;écoute attentive de l&rsquo;autre, de notre coach, nous pouvions enfin nous dire, vraiment, exprimer ce qui est authentique en nous&#8230; et ainsi nous révéler à nous-même ?</p>
<p><strong><img loading="lazy" decoding="async" class=" wp-image-1555 alignright" src="https://assoyogafacondetre.com/fr/wp-content/uploads/2021/12/vlcsnap-2021-11-14-20h28m47s733.jpg" alt="" width="261" height="163" srcset="https://assoyogafacondetre.com/fr/wp-content/uploads/2021/12/vlcsnap-2021-11-14-20h28m47s733.jpg 1727w, https://assoyogafacondetre.com/fr/wp-content/uploads/2021/12/vlcsnap-2021-11-14-20h28m47s733-300x188.jpg 300w, https://assoyogafacondetre.com/fr/wp-content/uploads/2021/12/vlcsnap-2021-11-14-20h28m47s733-1024x640.jpg 1024w, https://assoyogafacondetre.com/fr/wp-content/uploads/2021/12/vlcsnap-2021-11-14-20h28m47s733-768x480.jpg 768w, https://assoyogafacondetre.com/fr/wp-content/uploads/2021/12/vlcsnap-2021-11-14-20h28m47s733-1536x961.jpg 1536w" sizes="auto, (max-width: 261px) 100vw, 261px" />Ensemble</strong> nous pourrons étudier bien des thèmes importants, essentiels, même !  :</p>
<ul>
<li>Quel sens donner à sa vie ?</li>
<li>Comment être heureux (ou parce que c&rsquo;est parfois plus facile de comprendre), comment être malheureux ?</li>
<li>Y a-t-il une partie essentielle en nous ? Comment y accéder ?</li>
<li>Qu&rsquo;est-ce que la personnalité ?</li>
</ul>
<p><strong>En ateliers, par petits groupes ou en individuel,</strong> nous pourrons aborder ces thèmes&#8230; et d&rsquo;autres encore.</p>
<p>Car nous parlons de Psychologie Essentielle, en lien avec ce qu&rsquo;il y a de plus précieux en nous&#8230; mais également de Nouvelle Psychologie Spirituelle&#8230;</p>
<p>Vous souhaitez organiser 1 discussion autour d&rsquo;un thème particulier ; vous êtes déjà un petit groupe qui s&rsquo;intéresse à tous ces sujets ? Nous répondrons à vos questions. Nous contacter&#8230;</p>
<h4><span style="color: #0000ff;"><strong>Prochainement</strong>  à Aire sur l&rsquo;Adour  : Vivre Son Essen&rsquo;Ciel, en conscience, </span></h4>
<h4><span style="color: #0000ff;">Ateliers et Conférences sur la Psychologie Essentielle ou Spirituelle ; Psychologie de l&rsquo;Enneagramme ; Partages ; Conférence sur les 5 mouvements élémentaux&#8230;  voir calendrier</span></h4>
<h6>Dans une atmosphère bienveillante et chaleureuse, dans des petits groupes (3 à 8 personnes).</h6>
<p>Conditions de participation : sur réservation.</p>

<p>Et si, justement, grâce aux échanges, aux compréhensions qui découlent de tout ce que peut nous apprendre la Psychologie Essentielle, nous avions la possibilité de dépasser nos limitations, nos doutes, nos peurs, nos soucis&#8230; ? Et si, commencer à se connaître, c&rsquo;était commencer par apprendre à  s&rsquo;observer, voir nos réactions, nos mécanismes, nos fonctionnement ? &#8230; <a title="Psychologie Essentielle" class="read-more" href="https://assoyogafacondetre.com/fr/ateliers-conferences/psychologie-essentielle/" aria-label="En savoir plus sur Psychologie Essentielle">Lire la suite</a></p>
